t common divisor of y and 224?
14
Let v be 367/9 - 6/(-27). Let s = v - 27. What is the greatest common divisor of s and 14?
14
Let b(f) = -f**3 + 3*f**2 + 4*f + 4. Let k be b(4). Calculate the greatest common divisor of k and 2.
2
Suppose -3*t + 39 = 3*q, -3*q = -t + q + 3. Suppose 11 + 2 = 5*s - w, -15 = -3*s - 3*w. Let n be (22/s)/(2/6). What is the highest common divisor of t and n?
11
Let a(q) = -q**3 + 3*q**2 + q + 4. Let k be a(4). Let c be (286/(-8))/(2/k). Calculate the highest common factor of c and 13.
13
Suppose 4*s + s - 30 = 0. Let p be (-2)/4*s + 6. What is the highest common factor of p and 24?
3
Let g = -103 + 110. Calculate the highest common factor of 21 and g.
7
Let x(c) = c**3 - 3*c**2 + c - 1. Let v be x(3). Suppose h = -v*h. Let t(g) = g**2 - g + 88. Let z be t(h). Calculate the greatest common factor of 8 and z.
8
Let f = -26 + 61. Calculate the greatest common factor of f and 7.
7
Let a(l) = l + 16. Let v be a(-11). What is the highest common factor of 5 and v?
5
Let d = -4 - -6. Suppose 5*s - 98 = d. Calculate the highest common factor of s and 20.
20
Suppose -4*i + 48 = z, -4*i = -2*z + 232 - 76. What is the greatest common factor of 170 and z?
34
Suppose 0 = -6*k + 2*k + 8. Suppose 5*p - 65 = k*t, -p + 125 = -5*t + 4*p. Let m = t + 34. Calculate the greatest common divisor of m and 140.
14
Let b be -3*(44/(-3) - -4). Let n be (-2 + 3)/(1/(-37)). Let r = 11 - n. Calculate the highest common divisor of r and b.
16
Let a(o) be the first derivative of -o**4/4 + 3*o**2/2 + o + 2. Let m be a(-2). Calculate the greatest common divisor of m and 1.
1
Suppose 0*m - 42 = -3*m + 3*q, 14 = m + 5*q. Calculate the highest common divisor of m and 126.
14
Suppose 4*h + 2*r = 100, -4*h + 39 = 3*r - 57. Let g = 17 - 8. Calculate the greatest common divisor of h and g.
9
Suppose -2*r = 3*m - 16, -2*m - 3*m + 24 = 4*r. Calculate the highest common divisor of 20 and m.
4
Suppose 21 - 6 = -3*h, 54 = 3*t - 3*h. Let b(i) = i**3 - 16*i**2 + 20*i + 16. Let c be b(15). Calculate the highest common divisor of c and t.
13
Suppose -2 - 4 = -s. Suppose 0*l - 2*l = -s. Let i = 4 + -2. Calculate the highest common factor of i and l.
1
Let p(s) = -s**3 + s**2 + 30. Let o be p(0). Suppose -c - c = -o. Suppose 1 = -2*w + 7. What is the highest common factor of w and c?
3
Let h = -5 - -6. Suppose -n - 14 + 6 = 0. Let g = n - -10. Calculate the greatest common factor of h and g.
1
Suppose 2*o = -9 + 339. Suppose 3*g + 45 = o. Suppose w + g = 6*w. Calculate the greatest common divisor of 24 and w.
8
Suppose 4*k = k + 9. Suppose k*s - 2*s = 3*c + 3, 0 = -5*s + 2*c + 67. Calculate the highest common factor of 6 and s.
3
Suppose -3*l + 20 = t + 4, -t = -5*l + 32. Calculate the greatest common divisor of 24 and l.
6
Let p be (-3)/((-6)/32) + -6. What is the highest common factor of 25 and p?
5
Let q(u) = 3 - 5 - 5*u + 4*u. Let y be q(-8). Suppose -l + 5*l = 72. What is the greatest common factor of y and l?
6
Let d = -14 + 20. What is the highest common factor of 66 and d?
6
Let b = 2 + 0. Suppose -35 = -4*s - s - b*t, -4*t - 21 = -3*s. What is the highest common divisor of s and 28?
7
Suppose -v + 6*v - 25 = 0. Suppose -v*z + 0*z + 245 = 4*n, 3*z - n - 130 = 0. Calculate the highest common factor of 15 and z.
15
Suppose -5*j - 4*h = -658, -2*h = 3*j - 3*h - 405. Suppose -5*p + j = 4*u, -5*p - 4*u = -u - 133. Let i = 2 + p. What is the highest common divisor of 4 and i?
4
Let b(w) = -w**3 + 5*w**2 - 4*w + 5. Let u(s) = -s**2 + s + 4. Let p be u(0). Let i be b(p). What is the highest common factor of 55 and i?
5
Suppose k - 2 = a, 20 = 5*k - 4*a + 8. Suppose -3*d + 48 = d + k*c, d + 3*c = 10. Calculate the greatest common divisor of 104 and d.
13
Suppose 10*c - 20 = 5*c. What is the greatest common factor of c and 44?
4
Suppose 3*w - 6*w + 40 = 4*b, 50 = 5*b + 5*w. Calculate the highest common factor of 40 and b.
10
Let t be ((-1240)/93)/((-4)/42). What is the highest common factor of 28 and t?
28
Let b be 47/1 - 14/7. What is the highest common factor of b and 9?
9
Let m = 509 - 236. Calculate the highest common factor of m and 21.
21
Let p be (-28)/1*(-4)/8. Let b = -2 - -4. What is the highest common factor of p and b?
2
Suppose -4*y + 9 + 0 = -m, 5*y - 30 = -5*m. Suppose 12 - 36 = -4*v. Calculate the highest common divisor of v and m.
3
Let k(h) = 13*h + 5. Let m(r) = -6*r - 1 + 1 - 2. Let l(s) = 6*k(s) + 15*m(s). Let u be l(-5). What is the highest common divisor of u and 24?
12
Suppose -8 = 4*i - 72. Let l be (-802)/(-8) - 4/i. What is the highest common factor of l and 40?
20
Let i(k) = -59*k + 2. Let o = -2 + 0. Let d be i(o). What is the highest common factor of d and 15?
15
Suppose -4*s = -i - 228, 0 = -3*s - 8*i + 3*i + 148. Calculate the greatest common divisor of s and 7.
7
Let p = 9 - 7. Suppose -p*q = -43 - 21. What is the greatest common factor of q and 4?
4
Let q(a) = 7*a**3 + 4*a**2 + a - 4. Let l be q(3). Let p = l - 158. Calculate the greatest common factor of 6 and p.
6
Let p be 0/(-1) + (9 - 1). Let n(a) = -4*a. Let y be n(-1). Calculate the highest common factor of y and p.
4
Suppose -19 + 64 = o. Let i be (1 + 0)/(12/336). Let n = o - i. Calculate the highest common factor of n and 85.
17
Let r(q) = 14*q. Let d be r(3). What is the greatest common factor of 105 and d?
21
Let w(y) = 21*y - 13. Let c be w(1). Let q be 0 + ((-4)/2)/(-2). Calculate the highest common factor of q and c.
1
Suppose -3*t = 5 - 35. Suppose -t = 3*k - 4*k - 2*v, k = 5*v + 3. What is the highest common factor of k and 88?
8
Suppose -7*d = -3*z - 3*d + 8, 4*z + 2*d = -4. Suppose -5*n + 2*a + 127 = 0, -3*n - 4*a + 71 = -z*n. Calculate the greatest common factor of 225 and n.
25
Let r = 0 - 1. Let s be r + 0 + 0 + 3. Let k be -1 - (3 + (s - 26)). What is the greatest common divisor of 20 and k?
20
Suppose 10 = 3*f + 2*f. Let n be (0 + 1)/(1/22). Calculate the greatest common divisor of f and n.
2
Let k(l) = -6*l + 11*l - 6*l - 1 + 28*l**2. Let g be k(-1). What is the highest common divisor of g and 7?
7
Let k be (-4)/(-16)*4*50/2. Calculate the highest common factor of k and 5.
5
Let a(p) = p**2 - p + 14. Let z be a(7). What is the greatest common factor of z and 8?
8
Let o be ((-1)/(5 - 4))/((-2)/38). Let x(k) = -15*k - 10. Let a be x(-7). What is the greatest common factor of a and o?
19
Let o = -24 - -28. Calculate the greatest common factor of 1 and o.
1
Suppose 0 = -49*k + 47*k + 60. What is the greatest common divisor of k and 20?
10
Suppose -5*z + 129 + 366 = 0. What is the highest common factor of 132 and z?
33
Suppose -29 - 23 = -4*x + 5*n, 0 = -5*x + 3*n + 78. What is the greatest common divisor of x and 198?
18
Suppose 227 = 3*w - 109. Suppose -f = -g - 1, 0 = 5*f - f - 2*g + 4. Let r be (11 - -8) + (f - 0). What is the greatest common factor of r and w?
16
Suppose 0 = 2*u - 6*u + 288. What is the greatest common factor of u and 48?
24
Let z(m) = m**3 + 5*m**2 + 5*m + 9. Let b be -4 - (0/(-3))/4. Let p be z(b). Calculate the greatest common divisor of p and 2.
1
Let b(d) be the first derivative of 5*d**2/2 + d + 6. Let f be b(1). What is the highest common factor of 6 and f?
6
Let x(p) = -p**3 + 15*p**2 + 19*p - 35. Let d be x(16). Calculate the highest common divisor of 13 and d.
13
Let y = -29 + 83. What is the greatest common factor of 18 and y?
18
Let g(u) = 9*u - 12. Let a be g(4). What is the greatest common divisor of a and 24?
24
Let c be ((-9)/(-2))/(21/56). What is the highest common divisor of 30 and c?
6
Let f(t) = 4*t**2 - 2*t + 4. Let c be f(2). Calculate the highest common factor of 64 and c.
16
Let r be (-2)/(40/(-12))*10*1. What is the greatest common factor of r and 9?
3
Let l(p) = 8*p**2 + p. Let v be l(4). Let z be (v/16)/((-6)/(-80)). What is the highest common factor of 22 and z?
22
Suppose -5*m + 25 = 3*n, 5*n + 0*m - 17 = 4*m. Let h(k) = 12*k + 5. Let z be h(n). What is the highest common factor of z and 13?
13
Let p = 196 - 133. What is the greatest common divisor of p and 42?
21
Let x(q) = -10*q - 5. Suppose 0 = -4*s + 5*s + 20. Let z be 115/s + (-1)/4. Let h be x(z). Calculate the highest common factor of 22 and h.
11
Let t be 2*8/6*6. What is the highest common factor of t and 8?
8
Let i = 202 - 132. Let a be (-1)/4 + (-9)/